252 a multiple of 12?
True
Is 11 a factor of 770?
True
Is 26103 a multiple of 113?
True
Is 283 a multiple of 16?
False
Is 28 a factor of 17612?
True
Is 2717 a multiple of 9?
False
Does 25 divide 475?
True
Is 20468 a multiple of 20?
False
Does 76 divide 4712?
True
Is 5829 a multiple of 11?
False
Does 23 divide 1288?
True
Does 7 divide 2156?
True
Does 99 divide 18672?
False
Does 190 divide 5662?
False
Does 64 divide 1024?
True
Is 6 a factor of 4768?
False
Is 9 a factor of 1880?
False
Is 15 a factor of 1395?
True
Is 11940 a multiple of 60?
True
Is 816 a multiple of 24?
True
Is 2343 a multiple of 71?
True
Does 19 divide 741?
True
Is 10 a factor of 443?
False
Does 488 divide 96136?
True
Is 51 a factor of 324?
False
Is 3306 a multiple of 57?
True
Is 3000 a multiple of 75?
True
Is 3 a factor of 179?
False
Is 9371 a multiple of 36?
False
Is 8 a factor of 1080?
True
Is 9 a factor of 1013?
False
Is 2827 a multiple of 185?
False
Is 23 a factor of 4025?
True
Is 24 a factor of 576?
True
Does 4 divide 6327?
False
Does 10 divide 1370?
True
Is 72588 a multiple of 20?
False
Is 6 a factor of 1152?
True
Is 373 a multiple of 5?
False
Does 57 divide 6400?
False
Is 40 a factor of 9000?
True
Does 121 divide 21175?
True
Is 1680 a multiple of 140?
True
Is 16 a factor of 2032?
True
Does 15 divide 10755?
True
Does 71 divide 1169?
False
Is 15 a factor of 2265?
True
Is 535 a multiple of 60?
False
Does 23 divide 28653?
False
Is 461 a multiple of 10?
False
Is 92 a factor of 6348?
True
Does 10 divide 2572?
False
Is 204 a factor of 4692?
True
Is 95 a factor of 3341?
False
Is 12 a factor of 4632?
True
Is 84 a factor of 13078?
False
Does 40 divide 65642?
False
Is 25 a factor of 995?
False
Is 4425 a multiple of 3?
True
Does 49 divide 1372?
True
Is 880 a multiple of 11?
True
Is 3520 a multiple of 2?
True
Does 9 divide 234?
True
Does 64 divide 2432?
True
Is 21135 a multiple of 15?
True
Is 8 a factor of 384?
True
Does 99 divide 17183?
False
Does 3 divide 437?
False
Is 31811 a multiple of 13?
True
Is 23116 a multiple of 207?
False
Does 11 divide 990?
True
Does 50 divide 1450?
True
Is 32 a factor of 1376?
True
Does 60 divide 30120?
True
Does 7 divide 7088?
False
Does 58 divide 3069?
False
Does 14 divide 1316?
True
Is 1109 a multiple of 67?
False
Is 272 a multiple of 17?
True
Does 2 divide 58?
True
Is 79 a factor of 6162?
True
Does 6 divide 91492?
False
Does 4 divide 596?
True
Is 2520 a multiple of 35?
True
Is 10780 a multiple of 110?
True
Does 10 divide 4227?
False
Is 451 a multiple of 26?
False
Does 35 divide 18830?
True
Does 107 divide 80825?
False
Is 7 a factor of 122?
False
Is 12 a factor of 224?
False
Is 96726 a multiple of 98?
True
Is 9 a factor of 18487?
False
Does 15 divide 4143?
False
Is 10 a factor of 6871?
False
Is 29 a multiple of 4?
False
Is 6879 a multiple of 18?
False
Is 11495 a multiple of 40?
False
Is 2097 a multiple of 54?
False
Is 5153 a multiple of 24?
False
Is 31 a factor of 5802?
False
Does 10 divide 15570?
True
Does 57 divide 3034?
False
Is 12650 a multiple of 17?
False
Is 63 a factor of 2457?
True
Is 7 a factor of 209?
False
Does 27 divide 981?
False
Is 14 a factor of 99?
False
Does 16 divide 6496?
True
Does 44 divide 572?
True
Does 17 divide 56219?
True
Is 12 a factor of 737?
False
Does 69 divide 13391?
False
Does 39 divide 2559?
False
Is 697 a multiple of 20?
False
Does 170 divide 2550?
True
Is 25 a factor of 15367?
False
Is 230 a multiple of 11?
False
Is 837 a multiple of 48?
False
Does 41 divide 3116?
True
Is 43 a factor of 18904?
False
Does 5 divide 275?
True
Is 43399 a multiple of 11?
False
Is 76 a factor of 62666?
False
Does 4 divide 5519?
False
Is 2451 a multiple of 43?
True
Is 7 a factor of 10215?
False
Is 899 a multiple of 65?
False
Is 14321 a multiple of 43?
False
Does 192 divide 28992?
True
Does 10 divide 19629?
False
Is 177 a factor of 34161?
True
Does 181 divide 3982?
True
Does 15 divide 949?
False
Is 3687 a multiple of 61?
False
Is 5364 a multiple of 36?
True
Is 7 a factor of 20036?
False
Is 1073 a multiple of 29?
True
Does 14 divide 10454?
False
Is 3 a factor of 4558?
False
Is 192 a factor of 16704?
True
Does 108 divide 1728?
True
Is 24 a factor of 36511?
False
Does 30 divide 469?
False
Does 88 divide 10648?
True
Is 40312 a multiple of 86?
False
Does 2 divide 2?
True
Is 8393 a multiple of 89?
False
Is 16 a factor of 535?
False
Does 31 divide 298?
False
Is 14 a factor of 1988?
True
Is 61 a factor of 915?
True
Is 87 a factor of 1044?
True
Does 13 divide 27651?
True
Is 46 a factor of 2491?
False
Does 109 divide 8470?
False
Does 17 divide 2066?
False
Is 319 a multiple of 3?
False
Does 41 divide 4141?
True
Does 19 divide 19?
True
Does 20 divide 880?
True
Is 1317 a multiple of 33?
False
Is 55 a factor of 16665?
True
Is 2593 a multiple of 14?
False
Is 5 a factor of 7103?
False
Is 51 a factor of 3519?
True
Does 10 divide 20980?
True
Is 720 a multiple of 16?
True
Is 21 a factor of 84?
True
Is 233 a factor of 35153?
False
Does 36 divide 648?
True
Is 538 even?
True
Is 884 a multiple of 17?
True
Is 147 even?
False
Is 3853 a multiple of 6?
False
Does 115 divide 2530?
True
Is 16555 a multiple of 57?
False
Is 5 a factor of 1417?
False
Is 6003 a multiple of 87?
True
Is 3030 a multiple of 101?
True
Is 1344 a multiple of 168?
True
Is 9 a factor of 20169?
True
Is 9 a factor of 2174?
False
Does 31 divide 7667?
False
Is 23220 a multiple of 54?
True
Is 292 a multiple of 9?
False
Is 16 a factor of 2739?
False
Is 1836 a multiple of 36?
True
Does 5 divide 894?
False
Does 31 divide 10048?
False
Is 3200 a multiple of 10?
True
Is 44 a factor of 1105?
False
Is 10975 a multiple of 3?
False
Does 12 divide 517?
False
Is 1968 a multiple of 16?
True
Is 35 a factor of 1470?
True
Is 2 a factor of 43?
False
Does 19 divide 2332?
False
Does 66 divide 5932?
False
Does 29 divide 821?
False
Does 12 divide 3478?
False
Is 6 a factor of 3010?
False
Is 2379 a multiple of 61?
True
Is 1385 even?
False
Does 85 divide 149770?
True
Does 135 divide 1511?
False
Does 11 divide 893?
False
Is 355 a multiple of 76?
False
Does 9 divide 3510?
True
Is 77 a factor of 3696?
True
Is 14008 a multiple of 44?
False
Does 12 divide 655?
False
Is 22 a factor of 332?
False
Is 15041 a multiple of 3?
False
Is 15 a factor of 476?
False
Is 7565 a multiple of 89?
True
Is 6131 even?
False
Is 84 a factor of 7392?
True
Is 660 a multiple of 10?
True
Is 8704 a multiple of 13?
False
Is 17 a factor of 16256?
False
Is 2202 a multiple of 34?
False
Does 61 divide 41053?
True
Is 800 a multiple of 25?
True
Does 25 divide 25000?
True
Does 5 divide 3077?
False
Does 56 divide 1064?
True
Does 19 divide 76?
True
Is 37 a factor of 111?
True
Is 37 a factor of 1739?
True
Does 5 divide 615?
True
Does 98 divide 1568?
True
Does 13 divide 3432?
True
Does 10 divide 781?
False
Is 16 a factor of 1024?
True
Does 11 divide 2288?
True
Is 3 a factor of 90?
True
Is 675 a multiple of 9?
True
Is 65 a factor of 48555?
True
Is 5076 a multiple of 101?
False
Is 353 a factor of 67255?
False
Is 11 a factor of 1125?
False
Is 18 a factor of 109?
False
Is 9 a factor of 16756?
False
Does 20 divide 10480?
True
Is 40 a multiple of 10?
True
Is 4560 a multiple of 40?
True
Does 2 divide 14?
True
Is 20 a factor of 2419?
False
Is 1211 a multiple of 8?
False
Does 35 divide 1955?
False
Is 20061 a multiple of 76?
False
Is 89 a factor of 10606?
False
Is 21 a factor of 1806?
True
Is 9215 a multiple of 97?
True
Is 58 a factor of 10208?
True
Is 11 a factor of 76626?
True
Is 231 a factor of 30966?
False
Is 3584 a multiple of 56?
True
Is 73 a factor of 47012?
True
Is 4491 a multiple of 11?
False
Is 396 a multiple of 99?
True
Does 81 divide 1215?
True
Is 8372 a multiple of 14?
True
Does 10 divide 182?
False
Is 60 a factor of 5460?
True
Is 556 a multiple of 16?
False
Is 3 a factor of 3781?
False
Does 26 divide 18617?
False
Does 84 divide 1764?
True
Is 9 a factor of 34388?
False
Does 165 divide 28215?
True
Is 32 a factor of 35496?
False
Is 2 a factor of 264?
True
Does 62 divide 9033?
False
Is 27 a factor of 594?
True
Is 47 a factor of 684?
False
Does 16 divide 1227?
False
Is 9034 a multiple of 162?
False
Does 9 divide 419?
False
Is 11048 a multiple of 10?
False
Is 8748 a multiple of 6?
True
Is 262 a factor of 19388?
True
Is 36 a factor of 72?
True
Is 4187 a multiple of 53?
T